when q is divided by 61/4 + 2/s?
14
Suppose -10*i + 294 + 806 = 0. What is the remainder when i is divided by 19?
15
Let a = -16 - -43. What is the remainder when 53 is divided by a?
26
Let o = -26 + 41. Suppose -3*r = -2*r - o. Suppose 7 = 2*i - r. Calculate the remainder when i is divided by 4.
3
Let p be -1*(-1 - -2)*11. Let r = 4 + p. Let v = 18 + r. Calculate the remainder when v is divided by 4.
3
Let z = 7 + -4. What is the remainder when z is divided by (45/10)/(6/4)?
0
Let i be (-63)/6 - 1/(-2). Let o = i - 0. Calculate the remainder when 12/o*260/(-6) is divided by 18.
16
Suppose 5 = 4*m - 5*m, -5*s - 2*m = -5. What is the remainder when 11 is divided by s?
2
What is the remainder when 46 is divided by 2/(4*(-2)/(-96))?
22
Calculate the remainder when 84*1 + (-3)/(-3) is divided by 22.
19
Suppose 0 = 4*s - 4*n - 100, -6*s + s + 116 = -2*n. Calculate the remainder when 126/2 + 4 + -4 is divided by s.
19
Suppose -f = f. Let i(n) be the first derivative of -n**4/4 + n**2/2 + 14*n + 2. What is the remainder when 41 is divided by i(f)?
13
Suppose 0*g = -3*g + 129. Suppose -2*x + g = 7. Calculate the remainder when x is divided by 5.
3
Let y(a) = 7*a**3 + 2*a**2 - 3*a. What is the remainder when y(2) is divided by 18?
4
Suppose 8*t - 111 = 5*t. What is the remainder when t is divided by 13?
11
Suppose 87 = -3*q + 234. What is the remainder when q is divided by 13?
10
Let z(l) = l - 10. Let y be z(15). Suppose k + 43 = 2*v + 6*k, -v - y*k + 29 = 0. What is the remainder when v is divided by 3?
2
Let g = -1 + 10. Calculate the remainder when 38/2 + (-2)/1 is divided by g.
8
Suppose 5*z = 10*z - 75. What is the remainder when 56 is divided by z?
11
Let m = -21 + 11. Let z = m - -6. Let h = 15 + z. What is the remainder when h is divided by 4?
3
Let d = 2 + 15. Let h = d - 9. What is the remainder when h is divided by 5*(9/(-5))/(-3)?
2
Suppose -3*s + 11 = -10. What is the remainder when ((-38)/4 - 0)*-2 is divided by s?
5
Suppose 5*f = -3*l + 23, -10 - 11 = -4*l + 3*f. Suppose -2*u = -3*x + 2*x - 15, u - 3*x = 0. What is the remainder when u is divided by l?
3
Let u = 98 - 24. Suppose 6 - u = -4*s. What is the remainder when s is divided by 6?
5
Suppose 4*i = 3*g + 29, 5*g = -2*i + i - 10. Calculate the remainder when i is divided by 4.
1
Suppose 2*t + 1 - 5 = 0. Suppose 3*p - 14 = -t. Suppose -22 - 33 = -5*s. Calculate the remainder when s is divided by p.
3
Suppose -3*t - 51 = -4*f, -4*t - 49 - 16 = -5*f. Let o = 19 - f. Calculate the remainder when ((-9)/6 + 2)*o is divided by 2.
1
Let y(q) = q**2 + 3*q - 4. Let d = 0 - -3. Let a = 8 - 3. Calculate the remainder when y(d) is divided by a.
4
Let a = -9 + 17. Suppose a + 17 = d. What is the remainder when d is divided by 13?
12
Let z(k) = -k + 2. Let s(t) = t**2 - 5*t + 4. Let j be s(4). Let i be z(j). Suppose 10 + 22 = i*v. Calculate the remainder when 46 is divided by v.
14
Let i = -235 - -131. Let s = -50 - i. What is the remainder when s is divided by 19?
16
Suppose t = -28 + 38. Suppose 0 = 2*v - 7*v - j + 4, 5*j + 6 = v. What is the remainder when ((-29)/1)/(v/(-1)) is divided by t?
9
Calculate the remainder when (816/(-32))/(-2 - 5/(-4)) is divided by 12.
10
Suppose 4*z = 4*l + 12, -z + 4*l = 2 + 4. What is the remainder when 14 is divided by z?
2
Let f be 192/9 + (-2)/(-3). Let s = -13 + f. Let l(b) = -b**3 - 2*b**2 - 4*b - 4. Calculate the remainder when l(-3) is divided by s.
8
Suppose -3*t = 4*s - 62, 0*t - s + 33 = 2*t. Let g(r) = -11*r - 5. Let c be g(-4). Calculate the remainder when (c/(-4))/((-3)/8) is divided by t.
12
Let k(a) = -a**3 - a + 10. Calculate the remainder when 38 is divided by k(0).
8
Suppose 7 = -14*j + 15*j. Let u be (1 - 2)/((-1)/2). Suppose -16 = -u*x + 10. Calculate the remainder when x is divided by j.
6
Let u(s) = -3 + 3 + 8*s**2 - s. Let h = -9 + 10. What is the remainder when 12 is divided by u(h)?
5
Let v be -4*((-75)/(-12) - -2). Let z = -19 - v. What is the remainder when 25 is divided by z?
11
Suppose 47 = 5*y + 4*k, 3*y = 5*k - 1 + 7. What is the remainder when y is divided by 4?
3
Suppose -14*o + 18*o - 40 = 0. Let k(c) = -11*c - 6. Calculate the remainder when k(-4) is divided by o.
8
Let o be (-4)/(-3) - 2/6. Let b = -6 + 17. Calculate the remainder when -2*(o - (-66)/(-4)) is divided by b.
9
Let v = -28 + 3. Let d = -11 - v. Calculate the remainder when 41 is divided by d.
13
Let h = 10 + -10. Suppose -4*s + 29 = r, h = 4*r + 3*s - 2*s - 41. Calculate the remainder when r is divided by 3.
0
Let y(j) = -j**2 + 5*j + 1. Let m be y(3). Let r = 18 - m. Calculate the remainder when 21 is divided by r.
10
What is the remainder when 51/(((-54)/4)/(-9)) is divided by 7?
6
Let r(d) = d**3 - 3*d**2 + 4*d - 3. Calculate the remainder when 53 is divided by r(3).
8
Let r be (0/1 - 3) + 2. Let w be r*3 - (-7 - -9). Let s = w - -8. What is the remainder when 8 is divided by s?
2
Let h(c) = -c**3 - 5*c**2 + 3*c + 5. Calculate the remainder when h(-6) is divided by 6.
5
What is the remainder when 1*15*130/39 is divided by 9?
5
Suppose -6*d = -3*d - 84. Suppose 5*y - 44 = 4*j, -3*y - 4*j = -2*y - d. Suppose -5 = -2*i + 41. Calculate the remainder when i is divided by y.
11
Suppose 6*c - 17 + 5 = 0. Suppose -9 - 1 = -5*s. What is the remainder when c is divided by s?
0
Suppose 5*s - 155 - 45 = 0. Suppose s = 3*k + b, 2*k - 28 = k - 4*b. Suppose 0 = -2*n + 33 + 11. What is the remainder when n is divided by k?
10
Suppose -63 = -2*l + 2*w - w, -5*w - 9 = -l. Calculate the remainder when l is divided by 20.
14
Suppose -4*y = -3*c - 68, 0*y - 17 = -y - 3*c. Calculate the remainder when 0 - (-65 - (3 - 2)) is divided by y.
15
Suppose 0 = -5*s + 6*s - 5. Let y(q) = -q**2 + 3*q. Let x(l) = -l**3 - 2*l**2 + 2. Let v be x(-2). Calculate the remainder when s is divided by y(v).
1
Let r be (-3)/(-1) + 0/1. Suppose -5*s = r*y - y - 40, -3*y - 5*s = -50. Calculate the remainder when y is divided by 4.
2
Let j(b) = -b**3 + 8*b**2 + 7*b + 20. Let x(y) = 2 - 2*y - 2*y**2 + 5*y**2 - 3. What is the remainder when x(-1) is divided by j(9)?
0
Let u be (-1)/(-4) - (-105)/28. Let f = u + -1. What is the remainder when 8 is divided by f?
2
Let o be (1/3)/((-1)/3). What is the remainder when 57 is divided by (16 + o)*(-6)/(-6)?
12
Suppose -5 = -4*a - h, -2*a = -h + 2*h - 5. Suppose a = 3*u + 5*k - 139, 147 = 2*u + 3*k + 56. Calculate the remainder when u is divided by 10.
8
Let n(o) = 6*o - 15. Let s(f) = 4*f - 10. Let q(t) = 5*n(t) - 7*s(t). Let y(l) = -l**2 + 6. Let z be y(0). Calculate the remainder when 19 is divided by q(z).
5
Let c = 19 - 17. Suppose 2*h + c = 24. Calculate the remainder when h is divided by 3.
2
Let d(l) = 2*l**3 - 7*l**2 + 6*l - 3. Let a be d(5). Suppose -52 = -3*v - v. Calculate the remainder when a/2*(-1)/(-1) is divided by v.
12
Suppose 980 = 5*s - 1035. Suppose 5*d - s = -138. Calculate the remainder when d is divided by 11.
9
Suppose -5*y + n = -y - 24, -2*y + 12 = 2*n. Calculate the remainder when 16 is divided by y.
4
Suppose -19 + 2 = -4*p + 5*y, -4*p - 4*y = -44. Calculate the remainder when 15 is divided by p.
7
Suppose 0 = -4*u + 5*o + 24, u + 3*u = -2*o + 24. Calculate the remainder when 17 is divided by u.
5
Suppose 3*b = 60 + 66. Calculate the remainder when b is divided by 11.
9
Let c = -51 + 5. Calculate the remainder when ((-3)/(-6))/((-1)/c) is divided by 6.
5
Let j = -28 - -35. Calculate the remainder when 22 is divided by j.
1
Suppose z = -5*l - 14, l = -5*z - 3*l + 14. Suppose 0 = 2*b - 20 - 12. Calculate the remainder when b is divided by z.
4
Let n be (-8)/52 - (-2)/13. Suppose n = 4*z + z - 230. What is the remainder when z is divided by 16?
14
Suppose 0*g + 1 = g. Suppose -2*o - t = 0, -2*t = 2*o + 2*t + 12. What is the remainder when 2 - (0/(-3))/g is divided by o?
0
Let t be 182/4 - 2/4. Suppose 0*j + t = 5*j. Calculate the remainder when j is divided by 5.
4
Let a(m) be the second derivative of m**4/6 + m**3/2 + 4*m**2 + 3*m. Let i be a(-6). Suppose 3*p - i = 43. Calculate the remainder when p is divided by 12.
11
Suppose 5*s = -2*a + 56, -s + 15 = -5*a - 7. Let i = -29 + 74. Calculate the remainder when i is divided by s.
9
Let i = 5 + 3. Suppose -i + 4 = 2*b. Let p = 27 - b. Calculate the remainder when p is divided by 10.
9
Le